7*j. What is the hundreds digit of u?
7
Suppose -4*l + 94156 = d, 181*l + 2*d = 182*l - 23557. What is the hundreds digit of l?
5
Let u = 214 - 44. Suppose -2*t - u = -h, -h + 2*t = 4*t - 170. Suppose o - 5*o = f - 347, 2*o = -4*f + h. What is the tens digit of o?
8
What is the tens digit of (-2)/18 - 1/((-72)/1046312)?
3
Let g be 3 + 7*(-1 + 4). Let d = 40 - g. Let z = d - -9. What is the tens digit of z?
2
Suppose -98*i + 1155707 - 405943 = -406342. What is the hundreds digit of i?
7
Let r = -660 + 2536. Suppose 10948 - r = 18*q. What is the hundreds digit of q?
5
Let m(x) = -5 + 0 + 3*x + 42*x + 62*x. What is the units digit of m(2)?
9
Suppose 2*f - 3*f + 3*i = -2, 5*f = 5*i + 20. Suppose 0 = f*h - 424 - 1201. What is the tens digit of h?
2
Suppose 0 = i - 52 + 525. Let h be (i - 1)*3/(-6) + 3. Suppose h = 3*y + 3*l, -175 = -5*y + 4*l + 198. What is the tens digit of y?
7
Let o = 31 - -4. Let g = -35 + o. Suppose 4*b = 2*j + 156, -2*b - 2*j + g*j + 84 = 0. What is the tens digit of b?
4
Suppose -9*s + 21072 = 15*s. Suppose -3*p + 4*c + s = 0, -p = p + 3*c - 574. What is the hundreds digit of p?
2
Suppose 0 = -5*s - 5*c + 3295, -2*c + 1975 = 3*s + 2*c. Let f = 1309 - s. What is the hundreds digit of f?
6
Let q(p) = -p + 7. Let o be q(11). Let d be 3/(-24)*o*4. Suppose -4*j = t - 246, 0*j - d*t = -4*j + 252. What is the tens digit of j?
6
Let x be 2 - -5 - (3 - 1). Suppose 0 = -17*z - 15 + 32. Suppose 0 = -j - 4, z = 2*c - x*j - 23. What is the units digit of c?
2
Suppose -j + 3*n = 6*n - 944, -4*j = -3*n - 3761. Let r = -475 + j. What is the tens digit of r?
6
Let u = 2955 - 2087. Suppose 2*n - u = -0*n. What is the units digit of n?
4
Let k = -32 + 28. Let t = 22 - k. Suppose 0 = -l + t + 5. What is the units digit of l?
1
Suppose -20*t + 4 + 56 = 0. Suppose -k = -1, t*f - f = -4*k + 848. What is the units digit of f?
2
Let o = 3197 + -4549. Let z = -900 - o. What is the tens digit of z?
5
Let d(t) = -2*t - 30. Let x(g) = g - 31. Let m be x(14). Let q be d(m). What is the tens digit of 246 + (-3 - -5) - q?
4
Let b(g) = -114 - 54 + 92*g + 19. What is the hundreds digit of b(10)?
7
Let b = -12064 - -43094. What is the units digit of b?
0
Let i be ((-1)/2 + 0)*-32. Let r(u) = -12 + 426*u**2 - 680*u**2 + 256*u**2 - 18*u. What is the units digit of r(i)?
2
Let i be 2 + 1 + 4 + 46. Suppose -i*g = -50*g - 1959. What is the units digit of g?
3
Let i(j) = -28*j**3 + 4*j**2 - j - 5. Suppose 2*v = -5*a - 14, 3*a + 3*v + 4 = 1. Let l be i(a). What is the tens digit of (-4)/18 - l/(-45)?
4
Let s(a) = -3*a + 114. Let h be s(29). Suppose h*n - 528 = 23*n. What is the tens digit of n?
3
Suppose 3 = 5*j - 4*j, -1309 = 2*y + 5*j. Let a = 1264 + y. What is the hundreds digit of a?
6
Let o(d) = 39333*d - 4892. What is the thousands digit of o(2)?
3
Let k(f) = 910*f - 647. What is the tens digit of k(18)?
3
Let n = -299 + 301. What is the thousands digit of ((-19)/((-114)/4))/(n/5313)?
1
Suppose 2*z - 10*j + 5*j - 95848 = 0, 3*j = 3*z - 143763. What is the tens digit of z?
1
Let y(w) = -w**3 + 9*w**2 - 14*w - 9. Let d be y(7). Let u(i) = i**3 + 10*i**2 - 17*i + 1. Let m be u(d). Suppose -2*k + 7*k = m. What is the units digit of k?
7
Let r be -5 + (240/50)/((-2)/(-5)). What is the hundreds digit of (-24055)/(-35) - 2/r?
6
Let p(b) = -b**3 - 13*b**2 - 36*b + 2. Let v be p(-9). Suppose -12*k + 17*k + v*z = -113, 2*z - 71 = 3*k. Let s(h) = -7*h - 14. What is the units digit of s(k)?
7
Let u be (110 + -108)*2/(2/(-19)). Let n = 77 - u. What is the units digit of n?
5
Let i(y) = -39*y + 14. Let s be i(0). What is the units digit of 13242/s - 11/(-77)?
6
Let h(g) = -g**2 - 10*g - 1. Let v be (2 - 0)/(26/260). Let z be (v/2)/((-14)/7). What is the tens digit of h(z)?
2
Suppose -43*o + 23*o = -18*o - 11074. What is the hundreds digit of o?
5
Let i = 9900 + -4651. What is the units digit of i?
9
Suppose 275 = 3*m + 4*d, 0 = 5*d - 7*d + 10. What is the units digit of 500 - (m/51)/(2/(-6))?
5
Let y be (5 - 169/26)/((-3)/(-20)). What is the tens digit of y/(-125) + 12069/75?
6
Let v(t) = t**3 + 6*t**2 - 6*t - 7. Let n(m) = -m + 16. Let w be n(13). Suppose -2 = -2*r - 5*f, r - w*f - 2 = 3*r. What is the tens digit of v(r)?
4
Let z(b) = 62*b - 30. Let d = -122 + 124. Suppose 0 = -4*m + d*i + 24, 0*m + 12 = m - 2*i. What is the tens digit of z(m)?
1
Let v(d) = 21*d**2 + 6*d - 9. Let l be v(1). Suppose -17*c + l*c - 638 = 0. What is the units digit of c?
8
Let q(h) = 40*h - 22*h - h**2 + 14 + 4*h. Let y(r) = -r**3 - 7*r**2 + 7*r + 3. Let m be y(-8). What is the tens digit of q(m)?
3
What is the hundreds digit of (-4)/6*724077/(-86)?
6
What is the thousands digit of (-136)/170 - 44868/(-10)?
4
What is the hundreds digit of (-158499)/((-15)/5) + 18*(-18)/(-162)?
8
Suppose 6 = -8*v + 11*v. Suppose 3*h - 6 = 0, -v*h + 52 = 3*i - 0*i. What is the units digit of i?
6
Let x = 9477 + 22016. What is the tens digit of x?
9
Let j(d) = 125*d**2 - 24*d + 209. What is the hundreds digit of j(8)?
0
Let l(f) = 2326*f + 809. What is the units digit of l(17)?
1
Let t be (60/45)/(2/3). Let y be 3*(-3124)/6*t/(-4). Suppose -2*i + 2*k + 482 = 0, -3*i + 4*k - 57 = -y. What is the tens digit of i?
4
Let m = 88946 - 47697. What is the ten thousands digit of m?
4
Let k = -2769 - -8809. What is the thousands digit of k?
6
Let z(b) = 2734*b - 117. What is the tens digit of z(2)?
5
Let y be 9/(-54) + 165/18. What is the units digit of (-1)/3*y*-17 + -1?
0
Suppose 2*l - 5*l - 4*f + 12 = 0, -2*f - 20 = -5*l. Suppose -o - 2 = y - 29, -l*o + 16 = 0. What is the tens digit of y?
2
Suppose -5*x + 30419 = -2*j - 3291, -x + 5*j + 6742 = 0. What is the units digit of x?
2
Suppose 0*j = 6*j - 4*d - 4758, 2*j - 1586 = -d. What is the hundreds digit of ((-4 + 4)/2)/5 + j?
7
Let h(x) = x. Let a(u) = -1. Let m(k) = 22*a(k) - 2*h(k). Let j be m(-12). What is the units digit of (-1078)/(-35) + (-2)/5*j?
0
What is the units digit of (-5 + -1)/(468/(-454194))?
3
Let f(c) = 4*c**2 + 5*c + 7. Let g(q) = 5*q**2 + 4*q + 8. Let y(w) = -3*f(w) + 2*g(w). Let t be y(-4). What is the units digit of t*((-10)/35 - 464/42)?
2
Let s(l) = 125*l**3 - l**2 - l. Let d be s(-1). Let r = d + 168. What is the tens digit of r?
4
Suppose -5*q + 90 = 2*l, -2*q + 3*l + 36 = 7*l. Let t(m) be the second derivative of m**4/12 - 5*m**3/6 - 16*m**2 - 21*m. What is the tens digit of t(q)?
0
Let h = -13 - -13. Suppose h = 3*q - 9 + 165. Let c = 88 + q. What is the units digit of c?
6
Let m = 1589 + -427. Let a = -238 + m. What is the units digit of a?
4
Let a = -192 + 196. Suppose 9*k - a*k + 4*b - 1410 = 0, 2*k + 2*b - 566 = 0. What is the hundreds digit of k?
2
Suppose 0 = -2*v - 4*k + 58250, -3*k = 48 - 27. What is the units digit of v?
9
Suppose m - 3*b - 6 = -1, -10 = -2*m - b. Suppose 0 = 3*o + 4*i - m*i - 1, -4*o = -3*i + 7. Suppose -4*r + 52 = 4*p, -p = o - 4. What is the units digit of r?
1
Let s(u) = -38*u - 410. Let a(n) = 10*n + 54. Let g be a(-11). What is the tens digit of s(g)?
1
Suppose 0*n + 12 = -3*n. Let c(h) be the second derivative of -25*h**3/6 - 12*h**2 - 3*h. What is the units digit of c(n)?
6
What is the hundreds digit of (45/(-135))/(3/(-3)) - (-27608)/3?
2
Let w be 4 - 0 - ((-8)/(-2))/4. Suppose -w*k = -5*m + 4882, 4*m + 31*k - 3910 = 29*k. What is the hundreds digit of m?
9
Let l(r) = 8508*r - 1902. What is the ten thousands digit of l(5)?
4
Let p be 10/35 + 884568/28. What is the units digit of 4/(-42) - p/(-84)?
6
Suppose 0 = -5*k - 292 - 198. Let z = 37 + k. Let q = z + 203. What is the units digit of q?
2
Suppose -2*q - 7 - 3 = 0, -3*o + 4030 = 4*q. Suppose -91*z = -85*z - o. What is the hundreds digit of z?
2
Suppose -1005 = 11*y + 7465. Let h = 1345 + y. What is the tens digit of h?
7
Suppose 640407 = -4*d + 91*d. What is the tens digit of d?
6
Let v(a) = 309*a - 199. Let j be v(-11). Let d = -2040 - j. What is the units digit of d?
8
Suppose 0 = -4*a - 5*g - 16, -472*g - 12 = 3*a - 470*g. Suppose -2*i + 2935 + 23241 = 0. What is the tens digit of (i/(-20))/(-4) + a/(-10)?
6
Let y be (20/(-25))/((-2)/300). What is the tens digit of (-6)/16 + 41445/y?
4
Let i = -20 - -20. Suppose -5*a + 13 = -4*c, 4*a + c = -i*c + 23. Suppose p = a*q + 4, 3*q - 4*q = 4*p - 79. What is the tens digit of p?
1
Suppose 3265 - 271 = 3*t